{"version":"1.0","provider_name":"RES fondacija","provider_url":"https:\/\/resfoundation.org\/rs","author_name":"Admin","author_url":"https:\/\/resfoundation.org\/rs\/author\/zoricaresfoundation-org\/","title":"Nacionalna konferencija o planiranju kvaliteta vazduha - RES fondacija","type":"rich","width":600,"height":338,"html":"<blockquote class=\"wp-embedded-content\" data-secret=\"jzyzh8D3iY\"><a href=\"https:\/\/resfoundation.org\/rs\/nacionalna-konferencija-o-planiranju-kvaliteta-vazduha\/\">Nacionalna konferencija o planiranju kvaliteta vazduha<\/a><\/blockquote><iframe sandbox=\"allow-scripts\" security=\"restricted\" src=\"https:\/\/resfoundation.org\/rs\/nacionalna-konferencija-o-planiranju-kvaliteta-vazduha\/embed\/#?secret=jzyzh8D3iY\" width=\"600\" height=\"338\" title=\"&#132;Nacionalna konferencija o planiranju kvaliteta vazduha&#147; &#8212; RES fondacija\" data-secret=\"jzyzh8D3iY\" frameborder=\"0\" marginwidth=\"0\" marginheight=\"0\" scrolling=\"no\" class=\"wp-embedded-content\"><\/iframe><script>\n\/*! This file is auto-generated *\/\n!function(d,l){\"use strict\";l.querySelector&&d.addEventListener&&\"undefined\"!=typeof URL&&(d.wp=d.wp||{},d.wp.receiveEmbedMessage||(d.wp.receiveEmbedMessage=function(e){var t=e.data;if((t||t.secret||t.message||t.value)&&!\/[^a-zA-Z0-9]\/.test(t.secret)){for(var s,r,n,a=l.querySelectorAll('iframe[data-secret=\"'+t.secret+'\"]'),o=l.querySelectorAll('blockquote[data-secret=\"'+t.secret+'\"]'),c=new RegExp(\"^https?:$\",\"i\"),i=0;i<o.length;i++)o[i].style.display=\"none\";for(i=0;i<a.length;i++)s=a[i],e.source===s.contentWindow&&(s.removeAttribute(\"style\"),\"height\"===t.message?(1e3<(r=parseInt(t.value,10))?r=1e3:~~r<200&&(r=200),s.height=r):\"link\"===t.message&&(r=new URL(s.getAttribute(\"src\")),n=new URL(t.value),c.test(n.protocol))&&n.host===r.host&&l.activeElement===s&&(d.top.location.href=t.value))}},d.addEventListener(\"message\",d.wp.receiveEmbedMessage,!1),l.addEventListener(\"DOMContentLoaded\",function(){for(var e,t,s=l.querySelectorAll(\"iframe.wp-embedded-content\"),r=0;r<s.length;r++)(t=(e=s[r]).getAttribute(\"data-secret\"))||(t=Math.random().toString(36).substring(2,12),e.src+=\"#?secret=\"+t,e.setAttribute(\"data-secret\",t)),e.contentWindow.postMessage({message:\"ready\",secret:t},\"*\")},!1)))}(window,document);\n\/\/# sourceURL=https:\/\/resfoundation.org\/rs\/wp-includes\/js\/wp-embed.min.js\n<\/script>\n","thumbnail_url":"https:\/\/resfoundation.org\/rs\/wp-content\/uploads\/2023\/09\/1680768674829437-e1694624573169.jpg","thumbnail_width":1200,"thumbnail_height":854,"description":"U okviru projekta \u201eEU za Zelenu agendu u Srbiji\u201c u Aran\u0111elovcu se 5. i 6. aprila odr\u017eala Nacionalna konferencija o planiranju kvaliteta vazduha i Tre\u0107a radionica u sklopu pru\u017eanja tehni\u010dke podr\u0161ke u izradi i unapre\u0111enju planova kvaliteta vazduha i kratkoro\u010dnih akcionih planova za predstavnike gradova i op\u0161tina. Konferencija je okupila predstavnike lokalnih samouprava \u0161irom Srbije, [&hellip;]"}

U okviru projekta „EU za Zelenu agendu u Srbiji“ u Aranđelovcu se 5. i 6. aprila održala Nacionalna konferencija o planiranju kvaliteta vazduha i Treća radionica u sklopu pružanja tehničke podrške u izradi i unapređenju planova kvaliteta vazduha i kratkoročnih akcionih planova za predstavnike gradova i opština. Konferencija je okupila predstavnike lokalnih samouprava širom Srbije, [&hellip;]
